(s) = i(s) - 3*m(s). Let n be q(2). Let k = n + 8. Let y(c) = -c**3 + 4*c**2 - 4. Calculate y(k).
5
Let r(w) = -w**3 - 8*w**2 - 5*w + 1. Let p(u) = -u**2 - 2*u - 4. Let m be p(-3). Give r(m).
-13
Let n(b) be the third derivative of b**6/120 - 2*b**5/15 + 5*b**4/24 + 3*b**3/2 + 8*b**2. Determine n(7).
-5
Let a(s) = 2*s**2 - 4*s + 1. Let k be 75/(-30)*12/(-10). Give a(k).
7
Let p = -64 - -60. Let l(i) = -3*i**2 - 7*i + i**2 + 0*i - 4. What is l(p)?
-8
Let b(g) = -2*g**3 + 2*g**2 - 1. Let z be 0 + 1 + 5 + -7. Let h(m) = -m**2 - m + 1. Let v be h(z). What is b(v)?
-1
Suppose 4*w = -2*j - 14, 4*j = -3*w - 11 + 3. Let k(d) be the first derivative of 1/2*d**2 + d - j. Give k(-1).
0
Let d = 14 + -10. Suppose p + 4*f = -d - 4, 0 = -2*p - 3*f - 1. Suppose 3*y + p*u = -7 - 1, 5*y + 23 = 3*u. Let c(g) = g**2 + 5*g - 1. Calculate c(y).
-5
Let z(w) = -2*w + 1. Suppose 0 = -3*j + j + 3*f - 4, -32 = 3*j + 2*f. Let b = j - -6. What is z(b)?
5
Let v(c) = c - 1. Let d be v(1). Let o = -3 - d. Let f(b) be the second derivative of -b**5/20 - b**4/6 + b**3/6 + b**2/2 - 4*b. Give f(o).
7
Let h(p) = p + 2. Let w(b) = -b - 1. Let y(l) = -h(l) - 3*w(l). Let g(r) = -r - 1. Let x(m) = -5*g(m) - 3*y(m). Calculate x(-6).
8
Suppose 6 = 11*j - 8*j. Let r(o) = -3*o**3 + 4*o**3 + 19*o - j + 0*o**3 - 23*o - 4*o**2. Give r(5).
3
Suppose -14 = a + 19. Let z be 340/(-55) - 6/a. Let m(f) = f + 9. Determine m(z).
3
Let d(k) = k**3 + 5*k**2 + 4*k - 4. Let n be d(-4). Let f(a) = a**2 + 5*a + 2. What is f(n)?
-2
Let a(q) = -q**2 + 3*q - 4. Let g(k) = -k**2 + 2*k - 3. Let m(c) = -4*a(c) + 5*g(c). Let l(b) = -b**3 + 6*b**2 + 11*b - 27. Let i be l(7). Calculate m(i).
-2
Let c(a) be the second derivative of 9*a**5/20 - a**3/6 + 2*a. Let u be (-2)/4 + (-3)/(-2). What is c(u)?
8
Let b(g) = 14*g - 1. Suppose -5*h + 5*n - 34 = 1, 2*n - 2 = -4*h. Let y(w) = -13*w + 1. Let m(q) = h*b(q) - 3*y(q). Let z be (-2 + 4)/((-4)/(-2)). What is m(z)?
10
Let d(i) = -6*i**2 + i + 1. Let w be d(-1). Let c = 6 + w. Let b(v) = -2 + v**2 - 7*v + 3 + 8*v - v**3. Determine b(c).
1
Let d(h) = -h**3 + 6*h**2 - 5*h - 7. Suppose -3*t = -t - 10. What is d(t)?
-7
Let c(m) = m**3 + 7*m**2 + 4*m - 4. Suppose 0 = -2*v - 10 - 2. Determine c(v).
8
Let t(y) be the first derivative of -2*y**3 - y**2/2 + y - 6. What is t(1)?
-6
Let z(v) be the first derivative of -v**3/3 + 3*v + 9. What is z(0)?
3
Let d = -4 - -4. Let z(p) be the first derivative of -3*p**2 + 1 + d*p**2 + 4*p**2 + p. Give z(-3).
-5
Let i(h) = -h. Let q be i(-6). Let z(c) = -4 + q*c + 0*c + 2*c**2 - c**2. Suppose 0 = -2*s + 4*s + 10. What is z(s)?
-9
Let x(t) be the second derivative of 2*t**3/3 - t**2/2 - 11*t. Calculate x(3).
11
Let o(t) = -t + 8. Let c be o(4). Let i be 5 + (3 - 3 - 3). Let g(j) = -3*j + 0*j - 5*j**2 + i + 6*j - 3 + j**3. What is g(c)?
-5
Let i(s) = -s**2 - 4*s + 7. Let a be i(-5). Let m(v) = -4*v**3 + 3*v**3 - 3*v - 4 + 6*v**2 - a. Suppose -3*b = 4*t - 11, -4*t + 0*t = -4*b + 24. Calculate m(b).
4
Let y(w) be the second derivative of w**5/20 + 5*w**4/6 + w**3 - 2*w**2 + 43*w. What is y(-9)?
23
Let b(v) = v + 5. Suppose 3 = -4*g + 19. What is b(g)?
9
Let p be -4 + (-1 - 8/(-6)*-3). Let d(s) = s**2 + 7*s - 13. Calculate d(p).
5
Let q(z) be the third derivative of z**9/60480 - z**8/5040 + z**6/180 + z**5/10 - 6*z**2. Let m(x) be the third derivative of q(x). What is m(4)?
4
Let z(v) be the third derivative of 5*v**4/8 + 3*v**2. Determine z(-1).
-15
Suppose -15 = -5*i - 5. Let n(f) = 6 - 5 + 2*f + 0 - 4*f. Calculate n(i).
-3
Let x(n) = -5*n + 2. Let d(y) = -y + 1. Let f(h) = -4*d(h) + x(h). Determine f(-1).
-1
Let t(d) be the third derivative of -d**4/3 + d**3/6 + d**2. Let j(w) = -w**3 - 11*w**2 + w + 12. Let g be j(-11). Determine t(g).
-7
Let z(l) = -l**3 - 4*l**2 + 3. Let r(w) = -w**3 - 5*w**2 - 6. Let j be r(-5). Let h(x) = -x + 2. Let o be h(j). Suppose -i + 3*i + o = 0. Give z(i).
3
Let z be (-4)/10 + (-17)/(-5). Suppose 24 = -z*u - 0. Let b be (6/4)/((-6)/u). Let m(t) = t**2 - 3*t - 2. What is m(b)?
-4
Let b be 1/3 + (-2)/6. Let u(n) = -3*n - 3. Let k(s) = 7*s + 6. Let f(p) = 2*k(p) + 5*u(p). What is f(b)?
-3
Let g(o) = 6*o + 1. Let s(u) be the third derivative of 0 + 0*u + 0*u**3 - 2*u**2 + 1/24*u**4. Let m(d) = -2*g(d) + 11*s(d). Determine m(-5).
3
Suppose -u - 4*u + 10 = 0. Suppose 2*d - u = -3*y, 0 = 6*d - 2*d + 8. Let r(b) = 0 - 3*b - 2*b + b**y + 1. What is r(3)?
-5
Let a(v) = 2*v**2 - v + 1. Let i be a(1). Suppose -5*n = -8 - 77. Let t(o) = -2*o + 5. Let r(h) = 6*h - 14. Let s(k) = n*t(k) + 6*r(k). Calculate s(i).
5
Let z(d) = 6*d + d - 5*d - 7. Let v(a) = -2*a + 1 - 11 - 1. Let t be v(-8). Calculate z(t).
3
Let w(u) = u**3 - 4*u**2 - 4*u - 6. Let g = -4 + 2. Let b = g + 7. Determine w(b).
-1
Let v(x) = x**2 - 6*x + 8. Let h be v(3). Let w(k) = k + 1. Calculate w(h).
0
Let p(g) = -3*g - 1. Let r be (-1)/(-3)*(13 + -16). Determine p(r).
2
Let o(m) = 2 + m**3 - 6 - 2*m**3 - 1 - m**2. Calculate o(0).
-5
Let x(c) = -9*c - 2. Let t(a) = -4*a - 1. Let p(b) = -7*t(b) + 3*x(b). Determine p(-9).
-8
Let j(q) = 3 - 4*q**2 + 0*q**2 + 2 - q**3 - 10. Give j(-4).
-5
Let g(x) = x**3 + 7*x**2 + 5*x - 1. Let r be g(-6). Suppose 3*k - 12 = o, -r*k - o + 37 = 3*o. Suppose 0 = k*a - 3 + 8. Let u(s) = 3*s - 1. Calculate u(a).
-4
Let o(a) = a**2 - 7*a + 9. Let t be o(6). Let w(s) = 0*s**2 - 18*s + s**2 + t + 15*s. Determine w(2).
1
Suppose 0 = -0*m + 4*m. Let v(p) = p - 2 + 0*p + m*p. Let w be v(3). Let x(q) = -9*q**2 + q - 1. Determine x(w).
-9
Suppose -2*g + 9 = 3*p, 2*p - 3*g + 5*g = 6. Let i(b) be the second derivative of 3/2*b**2 + 0 - 5/6*b**3 - b. Determine i(p).
-12
Suppose -10*n + 6*n = -24. Let d(u) = u + 3. Calculate d(n).
9
Suppose -3*m + 1 = -5. Suppose -3*z + 10 = 2*z. Let j(r) = -m*r - z*r + 2*r. Calculate j(-3).
6
Let y(k) = k**3 - k**2 + 3*k + 15. Let g(s) = s**3 - 2*s**2 + 4*s + 16. Let c(u) = -2*g(u) + 3*y(u). What is c(0)?
13
Let c(n) = n + 6 + 3*n - n. Let r = 513 + -517. What is c(r)?
-6
Let s(f) = f - 3. Let v(b) = -b**3 - 2*b**2 - 3*b - 3. Let g be v(-2). Let y be -2 + 1 + g/3. Determine s(y).
-3
Let z(s) be the first derivative of -s**4/12 - s**3 + 5*s**2/2 - 2. Let g(j) be the second derivative of z(j). Give g(-5).
4
Suppose 2*t = -3*t. Let j(r) be the third derivative of -r**5/60 - r**4/24 - 7*r**3/6 - 27*r**2. What is j(t)?
-7
Suppose b = 0, -4*q - 2*b = -b + 20. Let t be ((-6)/(-5))/(2/10). Let h(r) = 0*r - t + r - 2*r. What is h(q)?
-1
Suppose n = -l + 12, -2*n - 3*l = 2*n - 48. Suppose 4*r + 4 = n. Let m(c) = r - c - 6 - 1. What is m(-5)?
0
Let r(h) = 7*h - 15. Let k(v) = 8*v - 16. Let g(u) = 5*k(u) - 6*r(u). Determine g(7).
-4
Let l(w) = -4*w - 1. Let k(h) = 5*h + 1. Let r(q) = 3*k(q) + 4*l(q). Let x be r(-3). Let v(m) = m**2 - 2*m + 3. Calculate v(x).
3
Let z be -2 - (-21)/12 - (-27)/(-4). Let v(a) = -a**2 - 9*a - 4. Determine v(z).
10
Let b(p) = 6*p**2 - p + 2. Let n(u) = 7*u**2 - u + 2. Let a be 5/((-1)/(-2)*2). Let r(y) = a*n(y) - 6*b(y). Suppose 5*w + 5 = -15, 2*k - w = 4. Calculate r(k).
-2
Let s(v) = v**3 - 6*v**2 + 2*v - 6. Suppose g = 3*g - 22. Let c = g + -5. Determine s(c).
6
Let f(u) be the second derivative of u**3/2 + u**2 - 14*u. Give f(-2).
-4
Let w be (-12)/(-10)*(-60)/18. Let o be ((-2)/8)/((-2)/8). Let j(y) = o + 3*y - 1 + 3. Give j(w).
-9
Let n(c) be the first derivative of c**5/120 + 7*c**4/24 - 5*c**3/3 - 3. Let k(z) be the third derivative of n(z). What is k(-6)?
1
Let f(k) = 6*k**3. Suppose 3*h + 3 = -2*h - 4*x, -2*h - 5*x - 8 = 0. Let q(g) = g**2. Let m(z) = h*f(z) - q(z). What is m(1)?
5
Let h(l) = l**3 + 3*l**2 - 2. Let k be h(-3). Let x(y) = 4*y**3 + y**2 + 3*y - 1. Let g(r) = -r**3 + 1. Let s(w) = 3*g(w) + x(w). Calculate s(k).
-8
Let r(y) = -y + 6 + 8*y - 8*y. Suppose 0 = z + 4 - 10. Calculate r(z).
0
Let z(s) = 4*s**2 + s - 1. Let n be z(1). Let l(f) = 1 + 3 - f - 5. Determine l(n).
-5
Let u(k) be the second derivative of k**5/20 - k**4/3 - 2*k**3/3 + k**2/2 - 11*k. Let i(l) = l**3 - 6*l**2 + l - 1. Let m be i(6). Determine u(m).
6
Let d(c) = -2*c + 1. Let t(x) = -5*x + x - 1 + 3*x. Let a be (-5 - -7)/(4 + -2). Let w(o) = a*d(o) - 3*t(o). Calculate w(-4).
0
Let q(g) = 44*g - 139*g + 2 + 46*g - 4 + 48*g. Let z(r) = 4*r**2 - r - 1. Let m be z(-1). Let c(v) = v**3 - 4*v**2 - v. Let t be c